8794 is divided by 20.
14
What is the remainder when 14505 is divided by 93?
90
What is the remainder when 33939 is divided by 430?
399
Calculate the remainder when 375287 is divided by 29.
27
Calculate the remainder when 631615 is divided by 396.
391
Calculate the remainder when 39810 is divided by 828.
66
Calculate the remainder when 85145 is divided by 5008.
9
What is the remainder when 150276 is divided by 207?
201
What is the remainder when 130259 is divided by 191?
188
What is the remainder when 95 is divided by 28?
11
What is the remainder when 92379 is divided by 110?
89
What is the remainder when 24148 is divided by 2374?
408
Calculate the remainder when 7286 is divided by 83.
65
Calculate the remainder when 30267 is divided by 41.
9
Calculate the remainder when 8445 is divided by 132.
129
What is the remainder when 19727 is divided by 299?
292
What is the remainder when 1115669 is divided by 204?
197
Calculate the remainder when 68326 is divided by 2355.
31
Calculate the remainder when 932 is divided by 281.
89
What is the remainder when 37960 is divided by 9490?
0
Calculate the remainder when 19584 is divided by 825.
609
Calculate the remainder when 8555 is divided by 2.
1
Calculate the remainder when 5586 is divided by 1775.
261
What is the remainder when 25458 is divided by 2827?
15
Calculate the remainder when 13756 is divided by 50.
6
What is the remainder when 1552 is divided by 51?
22
What is the remainder when 91436 is divided by 1694?
1654
What is the remainder when 282061 is divided by 11282?
11
What is the remainder when 147662 is divided by 24?
14
What is the remainder when 148210 is divided by 169?
166
What is the remainder when 75110 is divided by 75103?
7
Calculate the remainder when 24236 is divided by 499.
284
Calculate the remainder when 42345 is divided by 14115.
0
What is the remainder when 498 is divided by 164?
6
Calculate the remainder when 20192 is divided by 293.
268
What is the remainder when 13071 is divided by 89?
77
What is the remainder when 18124 is divided by 1508?
28
Calculate the remainder when 168 is divided by 26.
12
What is the remainder when 480105 is divided by 37?
30
What is the remainder when 40973 is divided by 394?
391
Calculate the remainder when 122212 is divided by 15276.
4
What is the remainder when 243072 is divided by 27006?
18
What is the remainder when 31076 is divided by 40?
36
Calculate the remainder when 26354 is divided by 24.
2
Calculate the remainder when 2829 is divided by 202.
1
What is the remainder when 11714 is divided by 179?
79
What is the remainder when 14368 is divided by 268?
164
What is the remainder when 709245 is divided by 29?
21
Calculate the remainder when 1639869 is divided by 1728.
1725
What is the remainder when 10289 is divided by 542?
533
Calculate the remainder when 5093 is divided by 5018.
75
Calculate the remainder when 3313 is divided by 195.
193
What is the remainder when 7116 is divided by 127?
4
Calculate the remainder when 6077463 is divided by 167.
166
Calculate the remainder when 814 is divided by 59.
47
Calculate the remainder when 14979 is divided by 8.
3
Calculate the remainder when 3579991 is divided by 13.
12
Calculate the remainder when 67136 is divided by 33568.
0
Calculate the remainder when 252465 is divided by 1208.
1201
Calculate the remainder when 204832 is divided by 68276.
4
Calculate the remainder when 5480 is divided by 402.
254
Calculate the remainder when 44284 is divided by 22131.
22
What is the remainder when 1162354 is divided by 11?
6
Calculate the remainder when 1498597 is divided by 26291.
10
Calculate the remainder when 6493 is divided by 249.
19
What is the remainder when 14152 is divided by 14094?
58
What is the remainder when 96979 is divided by 67?
30
What is the remainder when 255684 is divided by 572?
0
Calculate the remainder when 16220 is divided by 773.
760
What is the remainder when 72310 is divided by 61?
25
Calculate the remainder when 35944 is divided by 110.
84
Calculate the remainder when 13601 is divided by 4505.
86
What is the remainder when 1494 is divided by 123?
18
What is the remainder when 11446 is divided by 397?
330
Calculate the remainder when 1027189 is divided by 11.
9
Calculate the remainder when 1466811 is divided by 559.
554
What is the remainder when 5579 is divided by 558?
557
Calculate the remainder when 13801 is divided by 7.
4
Calculate the remainder when 173696 is divided by 755.
46
What is the remainder when 3808 is divided by 46?
36
Calculate the remainder when 34895 is divided by 4978.
49
What is the remainder when 36444 is divided by 4536?
156
What is the remainder when 2380 is divided by 57?
43
Calculate the remainder when 22486 is divided by 208.
22
Calculate the remainder when 16123 is divided by 2014.
11
Calculate the remainder when 19539 is divided by 74.
3
What is the remainder when 23180 is divided by 1459?
1295
Calculate the remainder when 3923 is divided by 641.
77
Calculate the remainder when 11197 is divided by 423.
199
What is the remainder when 24014 is divided by 240?
14
What is the remainder when 574 is divided by 547?
27
What is the remainder when 19291 is divided by 4818?
19
What is the remainder when 1315143 is divided by 173?
170
What is the remainder when 42939 is divided by 14123?
570
What is the remainder when 3456 is divided by 14?
12
What is the remainder when 258052 is divided by 6?
4
Calculate the remainder when 59379 is divided by 128.
115
Calculate the remainder when 169127 is divided by 24.
23
What is the remainder when 114045 is divided by 32?
29
Calculate the remainder when 4083 is divided by 9.
6
Calculate the remainder when 3610 is divided by 3403.
207
Calculate the remainder when 59887 is divided by 530.
527
Calculate the remainder when 598087 is divided by 22.
17
Calculate the remainder when 35555 is divided by 6.
5
Calculate the remainder when 1175413 is divided by 418.
415
Calculate the remainder when 32144 is divided by 62.
28
Calculate the remainder when 39186 is divided by 39171.
15
Calculate the remainder when 108377 is divided by 11.
5
Calculate the remainder when 106551 is divided by 21.
18
Calculate the remainder when 23742 is divided by 796.
658
Calculate the remainder when 22845 is divided by 192.
189
Calculate the remainder when 3442 is divided by 3428.
14
Calculate the remainder when 15105 is divided by 339.
189
What is the remainder when 28381 is divided by 720?
301
What is the remainder when 23786 is divided by 109?
24
What is the remainder when 2914 is divided by 582?
4
Calculate the remainder when 36003 is divided by 8998.
11
What is the remainder when 8311 is divided by 1361?
145
What is the remainder when 884 is divided by 7?
2
What is the remainder when 1786225 is divided by 1337?
1330
Calculate the remainder when 4487 is divided by 721.
161
What is the remainder when 38388 is divided by 9592?
20
What is the remainder when 2627 is divided by 251?
117
Calculate the remainder when 2393201 is divided by 42.
41
What is the remainder when 126508 is divided by 7?
4
What is the remainder when 83847 is divided by 75?
72
What is the remainder when 13406 is divided by 71?
58
Calculate the remainder when 68602 is divided by 13719.
7
Calculate the remainder when 379694 is divided by 51.
50
What is the remainder when 52864 is divided by 232?
200
Calculate the remainder when 3482 is divided by 483.
101
What is the remainder when 57896 is divided by 579?
575
Calculate the remainder when 26404 is divided by 59.
31
Calculate the remainder when 68120 is divided by 17.
1
What is the remainder when 36959 is divided by 52?
39
What is the remainder when 5495 is divided by 831?
509
What is the remainder when 2501 is divided by 2397?
104
What is the remainder when 18117 is divided by 585?
567
What is the remainder when 145234 is divided by 39?
37
What is the remainder when 1099 is divided by 721?
378
Calculate the remainder when 346432 is divided by 337.
333
What is the remainder when 741583 is divided by 1179?
1171
What is the remainder when 6726 is divided by 1175?
851
Calculate the remainder when 40990 is divided by 4099.
0
What is the remainder when 9318 is divided by 25?
18
What is the remainder when 50147 is divided by 865?
842
Calculate the 